{"id":236846,"date":"2025-02-12T18:31:23","date_gmt":"2025-02-12T18:31:23","guid":{"rendered":"https:\/\/www.rctvinternational.com\/?post_type=product&#038;p=236846"},"modified":"2025-02-12T18:31:23","modified_gmt":"2025-02-12T18:31:23","slug":"tiro-de-gracia","status":"publish","type":"product","link":"https:\/\/www.rctvinternational.com\/en\/product\/tiro-de-gracia\/","title":{"rendered":"Tiro De Gracia"},"content":{"rendered":"<div style=\"width: 100%; min-height: 1px;\" id=\"vimeo-wc-video-69efa52a963b9\" data-js=\"vimeo-wc-video\" data-atts=\"{&quot;autopause&quot;:&quot;true&quot;,&quot;autoplay&quot;:false,&quot;background&quot;:false,&quot;byline&quot;:&quot;true&quot;,&quot;color&quot;:&quot;none&quot;,&quot;controls&quot;:&quot;true&quot;,&quot;dnt&quot;:&quot;true&quot;,&quot;height&quot;:&quot;none&quot;,&quot;id&quot;:false,&quot;loop&quot;:false,&quot;maxheight&quot;:&quot;none&quot;,&quot;maxwidth&quot;:&quot;none&quot;,&quot;muted&quot;:false,&quot;pip&quot;:false,&quot;playsinline&quot;:&quot;true&quot;,&quot;portrait&quot;:&quot;true&quot;,&quot;quality&quot;:&quot;auto&quot;,&quot;responsive&quot;:&quot;true&quot;,&quot;speed&quot;:false,&quot;texttrack&quot;:&quot;none&quot;,&quot;title&quot;:&quot;true&quot;,&quot;transparent&quot;:true,&quot;url&quot;:&quot;https:\\\/\\\/vimeo.com\\\/1030087304&quot;,&quot;width&quot;:&quot;none&quot;}\"><\/div>","protected":false},"excerpt":{"rendered":"<p style=\"text-align: justify;\"><img decoding=\"async\" loading=\"lazy\" class=\"alignnone size-medium wp-image-236924\" src=\"https:\/\/www.rctvinternational.com\/wp-content\/uploads\/2024\/12\/Claquetas-Tiro-de-Gracia-1-267x300.png\" alt=\"\" width=\"267\" height=\"300\" \/><\/p>\n<p style=\"text-align: justify;\"><img decoding=\"async\" loading=\"lazy\" class=\"alignnone size-full wp-image-232350\" src=\"https:\/\/www.rctvinternational.com\/wp-content\/uploads\/2020\/10\/Sinopsis.png\" alt=\"\" width=\"125\" height=\"57\" \/><\/p>\n<p style=\"text-align: justify;\" data-sourcepos=\"5:1-5:426\">Victoria (<strong>Hylenne Rodr\u00edguez<\/strong>), una mujer dulce e inocente, se enamora perdidamente de Israel (<strong>Henry Soto<\/strong>), un hombre que oculta una vida peligrosa. Su id\u00edlica relaci\u00f3n se desmorona cuando Israel es encarcelado por un crimen. Al salir de prisi\u00f3n, su sed de venganza lo arrastra a un mundo de violencia y corrupci\u00f3n, poniendo en peligro a todos los que lo rodean.<\/p>\n<p style=\"text-align: justify;\">La ambici\u00f3n de Israel lo lleva a aliarse con un poderoso traficante de drogas, bajo la fachada de un empleo leg\u00edtimo. Victoria, ingenua y leal, lo defiende ante las sospechas, aunque las se\u00f1ales del enga\u00f1o comienzan a ser evidentes cuando \u00e9l empieza a manejar grandes sumas de dinero sin explicaci\u00f3n.<\/p>\n<p style=\"text-align: justify;\">A medida que Israel se hunde en su sed de venganza y ambici\u00f3n, un comisario sigue de cerca sus pasos, recopilando pruebas de sus cr\u00edmenes. Sin embargo, Israel no est\u00e1 dispuesto a renunciar f\u00e1cilmente, y su rastro de violencia y traici\u00f3n crece sin control. Cuando finalmente comete un error fatal, el velo que cubre su verdadera naturaleza cae por completo.<\/p>\n<p style=\"text-align: justify;\">Victoria se enfrenta al doloroso descubrimiento de que el hombre con quien se cas\u00f3 no es el ser bondadoso que crey\u00f3. Obligada a elegir entre su amor por Israel y la verdad de su car\u00e1cter, su mundo se tambalea. En esta lucha entre el amor y la justicia, ambos tendr\u00e1n que enfrentar las inevitables consecuencias de una vida marcada por el enga\u00f1o y el peligro.<\/p>\n<p style=\"text-align: justify;\"><img decoding=\"async\" loading=\"lazy\" class=\"alignnone size-full wp-image-231431\" src=\"https:\/\/www.rctvinternational.com\/wp-content\/uploads\/2020\/04\/deberias-saber-que.jpg\" alt=\"\" width=\"265\" height=\"39\" \/><\/p>\n<p style=\"text-align: justify;\">El director Arturo P\u00e1ez ha sido responsable de varias producciones exitosas en RCTV, como <strong>Carissima, La Mujer de Judas, La Soberana, A Calz\u00f3n Quitao, La Cuaima, La Negra Consentida, Por Todo Lo Alto y Camaleona<\/strong>. P\u00e1ez imprime su sello personal en esta historia, creando una atm\u00f3sfera intensa y emotiva.<\/p>","protected":false},"featured_media":236847,"template":"","meta":{"_et_pb_use_builder":"","_et_pb_old_content":"","_et_gb_content_width":""},"product_cat":[24],"product_tag":[1205,1264,1319,1335,745,1498,1239],"acf":[],"_links":{"self":[{"href":"https:\/\/www.rctvinternational.com\/en\/wp-json\/wp\/v2\/product\/236846"}],"collection":[{"href":"https:\/\/www.rctvinternational.com\/en\/wp-json\/wp\/v2\/product"}],"about":[{"href":"https:\/\/www.rctvinternational.com\/en\/wp-json\/wp\/v2\/types\/product"}],"wp:featuredmedia":[{"embeddable":true,"href":"https:\/\/www.rctvinternational.com\/en\/wp-json\/wp\/v2\/media\/236847"}],"wp:attachment":[{"href":"https:\/\/www.rctvinternational.com\/en\/wp-json\/wp\/v2\/media?parent=236846"}],"wp:term":[{"taxonomy":"product_cat","embeddable":true,"href":"https:\/\/www.rctvinternational.com\/en\/wp-json\/wp\/v2\/product_cat?post=236846"},{"taxonomy":"product_tag","embeddable":true,"href":"https:\/\/www.rctvinternational.com\/en\/wp-json\/wp\/v2\/product_tag?post=236846"}],"curies":[{"name":"wp","href":"https:\/\/api.w.org\/{rel}","templated":true}]}}

<p style="text-align: justify;"><img decoding="async" loading="lazy" class="alignnone size-medium wp-image-236924" src="https://www.rctvinternational.com/wp-content/uploads/2024/12/Claquetas-Tiro-de-Gracia-1-267x300.png" alt="" width="267" height="300" /></p>
<p style="text-align: justify;"><img decoding="async" loading="lazy" class="alignnone size-full wp-image-232350" src="https://www.rctvinternational.com/wp-content/uploads/2020/10/Sinopsis.png" alt="" width="125" height="57" /></p>
<p style="text-align: justify;" data-sourcepos="5:1-5:426">Victoria (<strong>Hylenne Rodríguez</strong>), una mujer dulce e inocente, se enamora perdidamente de Israel (<strong>Henry Soto</strong>), un hombre que oculta una vida peligrosa. Su idílica relación se desmorona cuando Israel es encarcelado por un crimen. Al salir de prisión, su sed de venganza lo arrastra a un mundo de violencia y corrupción, poniendo en peligro a todos los que lo rodean.</p>
<p style="text-align: justify;">La ambición de Israel lo lleva a aliarse con un poderoso traficante de drogas, bajo la fachada de un empleo legítimo. Victoria, ingenua y leal, lo defiende ante las sospechas, aunque las señales del engaño comienzan a ser evidentes cuando él empieza a manejar grandes sumas de dinero sin explicación.</p>
<p style="text-align: justify;">A medida que Israel se hunde en su sed de venganza y ambición, un comisario sigue de cerca sus pasos, recopilando pruebas de sus crímenes. Sin embargo, Israel no está dispuesto a renunciar fácilmente, y su rastro de violencia y traición crece sin control. Cuando finalmente comete un error fatal, el velo que cubre su verdadera naturaleza cae por completo.</p>
<p style="text-align: justify;">Victoria se enfrenta al doloroso descubrimiento de que el hombre con quien se casó no es el ser bondadoso que creyó. Obligada a elegir entre su amor por Israel y la verdad de su carácter, su mundo se tambalea. En esta lucha entre el amor y la justicia, ambos tendrán que enfrentar las inevitables consecuencias de una vida marcada por el engaño y el peligro.</p>
<p style="text-align: justify;"><img decoding="async" loading="lazy" class="alignnone size-full wp-image-231431" src="https://www.rctvinternational.com/wp-content/uploads/2020/04/deberias-saber-que.jpg" alt="" width="265" height="39" /></p>
<p style="text-align: justify;">El director Arturo Páez ha sido responsable de varias producciones exitosas en RCTV, como <strong>Carissima, La Mujer de Judas, La Soberana, A Calzón Quitao, La Cuaima, La Negra Consentida, Por Todo Lo Alto y Camaleona</strong>. Páez imprime su sello personal en esta historia, creando una atmósfera intensa y emotiva.</p>
