{"id":236828,"date":"2025-02-13T16:54:57","date_gmt":"2025-02-13T16:54:57","guid":{"rendered":"https:\/\/www.rctvinternational.com\/?post_type=product&#038;p=236828"},"modified":"2025-02-13T16:54:57","modified_gmt":"2025-02-13T16:54:57","slug":"una-rosa-por-testigo","status":"publish","type":"product","link":"https:\/\/www.rctvinternational.com\/en\/product\/una-rosa-por-testigo\/","title":{"rendered":"Una Rosa Por Testigo"},"content":{"rendered":"<div style=\"width: 100%; min-height: 1px;\" id=\"vimeo-wc-video-69efb8e20ca09\" data-js=\"vimeo-wc-video\" data-atts=\"{&quot;autopause&quot;:&quot;true&quot;,&quot;autoplay&quot;:false,&quot;background&quot;:false,&quot;byline&quot;:&quot;true&quot;,&quot;color&quot;:&quot;none&quot;,&quot;controls&quot;:&quot;true&quot;,&quot;dnt&quot;:&quot;true&quot;,&quot;height&quot;:&quot;none&quot;,&quot;id&quot;:false,&quot;loop&quot;:false,&quot;maxheight&quot;:&quot;none&quot;,&quot;maxwidth&quot;:&quot;none&quot;,&quot;muted&quot;:false,&quot;pip&quot;:false,&quot;playsinline&quot;:&quot;true&quot;,&quot;portrait&quot;:&quot;true&quot;,&quot;quality&quot;:&quot;auto&quot;,&quot;responsive&quot;:&quot;true&quot;,&quot;speed&quot;:false,&quot;texttrack&quot;:&quot;none&quot;,&quot;title&quot;:&quot;true&quot;,&quot;transparent&quot;:true,&quot;url&quot;:&quot;https:\\\/\\\/vimeo.com\\\/1030088561&quot;,&quot;width&quot;:&quot;none&quot;}\"><\/div>","protected":false},"excerpt":{"rendered":"<p><img decoding=\"async\" loading=\"lazy\" class=\"alignnone size-medium wp-image-236963\" src=\"https:\/\/www.rctvinternational.com\/wp-content\/uploads\/2024\/12\/Claquetas-Una-Rosa-Por-Testigo-1-267x300.png\" alt=\"\" width=\"267\" height=\"300\" \/><\/p>\n<p style=\"text-align: justify;\"><img decoding=\"async\" loading=\"lazy\" class=\"alignnone size-full wp-image-232350\" src=\"https:\/\/www.rctvinternational.com\/wp-content\/uploads\/2020\/10\/Sinopsis.png\" alt=\"\" width=\"125\" height=\"57\" \/><\/p>\n<p style=\"text-align: justify;\">Una mujer aparece muerta en circunstancias macabras. El inspector de polic\u00eda Manuel Salas (<strong>F\u00e9lix Loreto<\/strong>) lidera la investigaci\u00f3n de una serie de homicidios brutales: mujeres asesinadas con cortes de navaja, ultrajadas, y con una rosa como \u00fanica pista. Mientras el asesino serial contin\u00faa, los tiempos entre cada crimen se reducen, aumentando la urgencia de atraparlo.<\/p>\n<p style=\"text-align: justify;\">En el desarrollo del caso, Manuel conoce a Marisa (<strong>Mim\u00ed Lazo<\/strong>) y a su hija adolescente, Christina, despu\u00e9s de que Marisa encuentra el cad\u00e1ver de una de las v\u00edctimas. Involucrada accidentalmente, ella colabora con la polic\u00eda, lo que estrecha su relaci\u00f3n con Manuel, dando pie a un romance.<\/p>\n<p style=\"text-align: justify;\">Christina se cruza con el asesino sin saber qui\u00e9n es, lo que complica la investigaci\u00f3n y coloca a su madre como sospechosa. La tensi\u00f3n alcanza su punto m\u00e1ximo cuando la joven se convierte en el pr\u00f3ximo objetivo del criminal. En un dram\u00e1tico enfrentamiento, Marisa lucha desesperadamente por salvar a su hija, logrando eliminar al asesino y poner fin a su reinado de terror.<\/p>\n<p style=\"text-align: justify;\">Con el caso resuelto, el v\u00ednculo entre Manuel y Marisa se consolida, dejando un rayo de esperanza tras la oscuridad de los cr\u00edmenes.<\/p>\n<p style=\"text-align: justify;\"><img decoding=\"async\" loading=\"lazy\" class=\"alignnone size-full wp-image-231431\" src=\"https:\/\/www.rctvinternational.com\/wp-content\/uploads\/2020\/04\/deberias-saber-que.jpg\" alt=\"\" width=\"265\" height=\"39\" \/><\/p>\n<p style=\"text-align: justify;\"><strong>Mim\u00ed Lazo<\/strong>, actriz principal de esta pel\u00edcula, es una figura ic\u00f3nica en la televisi\u00f3n y el cine venezolano. Con una carrera destacada en <strong>RCTV<\/strong>, particip\u00f3 en producciones memorables, desde unitarios como<strong> \u2018Sola\u2019<\/strong> y <strong>\u2018Querida Irina\u2019<\/strong> hasta telenovelas como <strong>\u2018De Mujeres\u2019<\/strong> y <strong>\u2018Mi Gorda Bella\u2019<\/strong>. Adem\u00e1s de su \u00e9xito en telenovelas, Mim\u00ed ha brillado en el teatro.<\/p>","protected":false},"featured_media":236830,"template":"","meta":{"_et_pb_use_builder":"","_et_pb_old_content":"","_et_gb_content_width":""},"product_cat":[24],"product_tag":[1205,421,1264,745,1214,388,1508,1238],"acf":[],"_links":{"self":[{"href":"https:\/\/www.rctvinternational.com\/en\/wp-json\/wp\/v2\/product\/236828"}],"collection":[{"href":"https:\/\/www.rctvinternational.com\/en\/wp-json\/wp\/v2\/product"}],"about":[{"href":"https:\/\/www.rctvinternational.com\/en\/wp-json\/wp\/v2\/types\/product"}],"wp:featuredmedia":[{"embeddable":true,"href":"https:\/\/www.rctvinternational.com\/en\/wp-json\/wp\/v2\/media\/236830"}],"wp:attachment":[{"href":"https:\/\/www.rctvinternational.com\/en\/wp-json\/wp\/v2\/media?parent=236828"}],"wp:term":[{"taxonomy":"product_cat","embeddable":true,"href":"https:\/\/www.rctvinternational.com\/en\/wp-json\/wp\/v2\/product_cat?post=236828"},{"taxonomy":"product_tag","embeddable":true,"href":"https:\/\/www.rctvinternational.com\/en\/wp-json\/wp\/v2\/product_tag?post=236828"}],"curies":[{"name":"wp","href":"https:\/\/api.w.org\/{rel}","templated":true}]}}

<p><img decoding="async" loading="lazy" class="alignnone size-medium wp-image-236963" src="https://www.rctvinternational.com/wp-content/uploads/2024/12/Claquetas-Una-Rosa-Por-Testigo-1-267x300.png" alt="" width="267" height="300" /></p>
<p style="text-align: justify;"><img decoding="async" loading="lazy" class="alignnone size-full wp-image-232350" src="https://www.rctvinternational.com/wp-content/uploads/2020/10/Sinopsis.png" alt="" width="125" height="57" /></p>
<p style="text-align: justify;">Una mujer aparece muerta en circunstancias macabras. El inspector de policía Manuel Salas (<strong>Félix Loreto</strong>) lidera la investigación de una serie de homicidios brutales: mujeres asesinadas con cortes de navaja, ultrajadas, y con una rosa como única pista. Mientras el asesino serial continúa, los tiempos entre cada crimen se reducen, aumentando la urgencia de atraparlo.</p>
<p style="text-align: justify;">En el desarrollo del caso, Manuel conoce a Marisa (<strong>Mimí Lazo</strong>) y a su hija adolescente, Christina, después de que Marisa encuentra el cadáver de una de las víctimas. Involucrada accidentalmente, ella colabora con la policía, lo que estrecha su relación con Manuel, dando pie a un romance.</p>
<p style="text-align: justify;">Christina se cruza con el asesino sin saber quién es, lo que complica la investigación y coloca a su madre como sospechosa. La tensión alcanza su punto máximo cuando la joven se convierte en el próximo objetivo del criminal. En un dramático enfrentamiento, Marisa lucha desesperadamente por salvar a su hija, logrando eliminar al asesino y poner fin a su reinado de terror.</p>
<p style="text-align: justify;">Con el caso resuelto, el vínculo entre Manuel y Marisa se consolida, dejando un rayo de esperanza tras la oscuridad de los crímenes.</p>
<p style="text-align: justify;"><img decoding="async" loading="lazy" class="alignnone size-full wp-image-231431" src="https://www.rctvinternational.com/wp-content/uploads/2020/04/deberias-saber-que.jpg" alt="" width="265" height="39" /></p>
<p style="text-align: justify;"><strong>Mimí Lazo</strong>, actriz principal de esta película, es una figura icónica en la televisión y el cine venezolano. Con una carrera destacada en <strong>RCTV</strong>, participó en producciones memorables, desde unitarios como<strong> ‘Sola’</strong> y <strong>‘Querida Irina’</strong> hasta telenovelas como <strong>‘De Mujeres’</strong> y <strong>‘Mi Gorda Bella’</strong>. Además de su éxito en telenovelas, Mimí ha brillado en el teatro.</p>
