{"id":236082,"date":"2024-07-11T21:42:09","date_gmt":"2024-07-11T21:42:09","guid":{"rendered":"https:\/\/www.rctvinternational.com\/?post_type=product&#038;p=236082"},"modified":"2024-07-12T12:48:38","modified_gmt":"2024-07-12T12:48:38","slug":"secuestro-al-amanecer","status":"publish","type":"product","link":"https:\/\/www.rctvinternational.com\/en\/product\/secuestro-al-amanecer\/","title":{"rendered":"Secuestro al Amanecer"},"content":{"rendered":"<div style=\"width: 100%; min-height: 1px;\" id=\"vimeo-wc-video-69efce03cd935\" data-js=\"vimeo-wc-video\" data-atts=\"{&quot;autopause&quot;:&quot;true&quot;,&quot;autoplay&quot;:false,&quot;background&quot;:false,&quot;byline&quot;:&quot;true&quot;,&quot;color&quot;:&quot;none&quot;,&quot;controls&quot;:&quot;true&quot;,&quot;dnt&quot;:&quot;true&quot;,&quot;height&quot;:&quot;none&quot;,&quot;id&quot;:false,&quot;loop&quot;:false,&quot;maxheight&quot;:&quot;none&quot;,&quot;maxwidth&quot;:&quot;none&quot;,&quot;muted&quot;:false,&quot;pip&quot;:false,&quot;playsinline&quot;:&quot;true&quot;,&quot;portrait&quot;:&quot;true&quot;,&quot;quality&quot;:&quot;auto&quot;,&quot;responsive&quot;:&quot;true&quot;,&quot;speed&quot;:false,&quot;texttrack&quot;:&quot;none&quot;,&quot;title&quot;:&quot;true&quot;,&quot;transparent&quot;:true,&quot;url&quot;:&quot;https:\\\/\\\/vimeo.com\\\/930389604&quot;,&quot;width&quot;:&quot;none&quot;}\"><\/div>","protected":false},"excerpt":{"rendered":"<p><img decoding=\"async\" loading=\"lazy\" class=\"alignnone size-medium wp-image-236160\" src=\"https:\/\/www.rctvinternational.com\/wp-content\/uploads\/2024\/07\/Secuestro-al-amanecer-21-267x300.png\" alt=\"\" width=\"267\" height=\"300\" \/><\/p>\n<p style=\"text-align: justify;\"><img decoding=\"async\" loading=\"lazy\" class=\"alignnone size-full wp-image-232350\" src=\"https:\/\/www.rctvinternational.com\/wp-content\/uploads\/2020\/10\/Sinopsis.png\" alt=\"\" width=\"125\" height=\"57\" \/><\/p>\n<p style=\"text-align: justify;\">En la tranquila ciudad de Caracas, un amanecer rutinario se transforma en una pesadilla cuando una familia es v\u00edctima de un secuestro. Alicia, una mujer recientemente divorciada que busca paz, decide llevar a sus dos hijos a pasar un d\u00eda en la playa. Mientras disfrutan del sol y el mar, su camino se cruza con Lorenzo, un peligroso hombre con oscuros planes.<\/p>\n<p style=\"text-align: justify;\">Wilmer, implacable y astuto, luego de haber cometido un par de asesinatos se encuentra en fuga. La noche en la que Alicia viaja con sus hijos, el hombre se atraviesa en el camino y es atropellado accidentalmente. Este es el inicio de una terrible experiencia, Wilmer secuestra a Alicia y a sus hijos.<\/p>\n<p style=\"text-align: justify;\">Alicia, valiente y decidida, se enfrenta a Wilmer con determinaci\u00f3n, intentando proteger a sus hijos a toda costa. A medida que pasan las horas, la tensi\u00f3n aumenta y las verdaderas intenciones de Wilmer salen a la luz. Alicia y sus hijos deber\u00e1n utilizar toda su astucia y coraje para sobrevivir a la prueba m\u00e1s aterradora de sus vidas.<\/p>\n<p style=\"text-align: justify;\">En un desesperado intento por escapar, Alicia hace uso de su ingenio y fuerza interior. Ella y sus hijos se ven obligados a enfrentarse a sus mayores miedos, mientras buscan una manera de liberarse de su captor. La playa, que inicialmente parec\u00eda un refugio de paz, se convierte en un escenario de lucha y valent\u00eda.<\/p>\n<h3 style=\"text-align: justify;\"><img decoding=\"async\" loading=\"lazy\" class=\"alignnone size-full wp-image-231431\" src=\"https:\/\/www.rctvinternational.com\/wp-content\/uploads\/2020\/04\/deberias-saber-que.jpg\" alt=\"\" width=\"265\" height=\"39\" \/><\/h3>\n<p style=\"text-align: justify;\">En <strong>\u2018Secuestro al Amanecer\u2019<\/strong>, la interpretaci\u00f3n de Francis Romero, una actriz muy respetada y admirada, aporta una profundidad emocional \u00fanica a la historia. Conocida por su participaci\u00f3n en <strong>\u2018La Pandilla de los 7\u2019,\u00a0\u2018El Venerable\u2019, \u2018<\/strong><strong>Juan\u00a0y el Rey de las Latas\u2019\u00a0<\/strong>y telenovelas como <strong>\u2018Por\u00a0Estas Calles\u2019\u00a0<\/strong>Francis Romero ha sido parte de muchas producciones exitosas de <strong>RCTV<\/strong>, consolidando su carrera con actuaciones memorables.<\/p>","protected":false},"featured_media":236083,"template":"","meta":{"_et_pb_use_builder":"","_et_pb_old_content":"","_et_gb_content_width":""},"product_cat":[24],"product_tag":[1243,727,1152,745,1239],"acf":[],"_links":{"self":[{"href":"https:\/\/www.rctvinternational.com\/en\/wp-json\/wp\/v2\/product\/236082"}],"collection":[{"href":"https:\/\/www.rctvinternational.com\/en\/wp-json\/wp\/v2\/product"}],"about":[{"href":"https:\/\/www.rctvinternational.com\/en\/wp-json\/wp\/v2\/types\/product"}],"wp:featuredmedia":[{"embeddable":true,"href":"https:\/\/www.rctvinternational.com\/en\/wp-json\/wp\/v2\/media\/236083"}],"wp:attachment":[{"href":"https:\/\/www.rctvinternational.com\/en\/wp-json\/wp\/v2\/media?parent=236082"}],"wp:term":[{"taxonomy":"product_cat","embeddable":true,"href":"https:\/\/www.rctvinternational.com\/en\/wp-json\/wp\/v2\/product_cat?post=236082"},{"taxonomy":"product_tag","embeddable":true,"href":"https:\/\/www.rctvinternational.com\/en\/wp-json\/wp\/v2\/product_tag?post=236082"}],"curies":[{"name":"wp","href":"https:\/\/api.w.org\/{rel}","templated":true}]}}

<p><img decoding="async" loading="lazy" class="alignnone size-medium wp-image-236160" src="https://www.rctvinternational.com/wp-content/uploads/2024/07/Secuestro-al-amanecer-21-267x300.png" alt="" width="267" height="300" /></p>
<p style="text-align: justify;"><img decoding="async" loading="lazy" class="alignnone size-full wp-image-232350" src="https://www.rctvinternational.com/wp-content/uploads/2020/10/Sinopsis.png" alt="" width="125" height="57" /></p>
<p style="text-align: justify;">En la tranquila ciudad de Caracas, un amanecer rutinario se transforma en una pesadilla cuando una familia es víctima de un secuestro. Alicia, una mujer recientemente divorciada que busca paz, decide llevar a sus dos hijos a pasar un día en la playa. Mientras disfrutan del sol y el mar, su camino se cruza con Lorenzo, un peligroso hombre con oscuros planes.</p>
<p style="text-align: justify;">Wilmer, implacable y astuto, luego de haber cometido un par de asesinatos se encuentra en fuga. La noche en la que Alicia viaja con sus hijos, el hombre se atraviesa en el camino y es atropellado accidentalmente. Este es el inicio de una terrible experiencia, Wilmer secuestra a Alicia y a sus hijos.</p>
<p style="text-align: justify;">Alicia, valiente y decidida, se enfrenta a Wilmer con determinación, intentando proteger a sus hijos a toda costa. A medida que pasan las horas, la tensión aumenta y las verdaderas intenciones de Wilmer salen a la luz. Alicia y sus hijos deberán utilizar toda su astucia y coraje para sobrevivir a la prueba más aterradora de sus vidas.</p>
<p style="text-align: justify;">En un desesperado intento por escapar, Alicia hace uso de su ingenio y fuerza interior. Ella y sus hijos se ven obligados a enfrentarse a sus mayores miedos, mientras buscan una manera de liberarse de su captor. La playa, que inicialmente parecía un refugio de paz, se convierte en un escenario de lucha y valentía.</p>
<h3 style="text-align: justify;"><img decoding="async" loading="lazy" class="alignnone size-full wp-image-231431" src="https://www.rctvinternational.com/wp-content/uploads/2020/04/deberias-saber-que.jpg" alt="" width="265" height="39" /></h3>
<p style="text-align: justify;">En <strong>‘Secuestro al Amanecer’</strong>, la interpretación de Francis Romero, una actriz muy respetada y admirada, aporta una profundidad emocional única a la historia. Conocida por su participación en <strong>‘La Pandilla de los 7’, ‘El Venerable’, ‘</strong><strong>Juan y el Rey de las Latas’ </strong>y telenovelas como <strong>‘Por Estas Calles’ </strong>Francis Romero ha sido parte de muchas producciones exitosas de <strong>RCTV</strong>, consolidando su carrera con actuaciones memorables.</p>
