{"id":235602,"date":"2024-04-24T16:01:32","date_gmt":"2024-04-24T16:01:32","guid":{"rendered":"https:\/\/www.rctvinternational.com\/?post_type=product&#038;p=235602"},"modified":"2025-05-07T23:39:40","modified_gmt":"2025-05-07T23:39:40","slug":"gomez-ii","status":"publish","type":"product","link":"https:\/\/www.rctvinternational.com\/en\/product\/gomez-ii\/","title":{"rendered":"G\u00f3mez II"},"content":{"rendered":"<div style=\"width: 100%; min-height: 1px;\" id=\"vimeo-wc-video-69f174e5dfe33\" data-js=\"vimeo-wc-video\" data-atts=\"{&quot;autopause&quot;:&quot;true&quot;,&quot;autoplay&quot;:false,&quot;background&quot;:false,&quot;byline&quot;:&quot;true&quot;,&quot;color&quot;:&quot;none&quot;,&quot;controls&quot;:&quot;true&quot;,&quot;dnt&quot;:&quot;true&quot;,&quot;height&quot;:&quot;none&quot;,&quot;id&quot;:false,&quot;loop&quot;:false,&quot;maxheight&quot;:&quot;none&quot;,&quot;maxwidth&quot;:&quot;none&quot;,&quot;muted&quot;:false,&quot;pip&quot;:false,&quot;playsinline&quot;:&quot;true&quot;,&quot;portrait&quot;:&quot;true&quot;,&quot;quality&quot;:&quot;auto&quot;,&quot;responsive&quot;:&quot;true&quot;,&quot;speed&quot;:false,&quot;texttrack&quot;:&quot;none&quot;,&quot;title&quot;:&quot;true&quot;,&quot;transparent&quot;:true,&quot;url&quot;:&quot;https:\\\/\\\/vimeo.com\\\/908376944&quot;,&quot;width&quot;:&quot;none&quot;}\"><\/div>\n<p>&nbsp;<\/p>","protected":false},"excerpt":{"rendered":"<p><img decoding=\"async\" loading=\"lazy\" class=\"alignnone size-medium wp-image-235964\" src=\"https:\/\/www.rctvinternational.com\/wp-content\/uploads\/2024\/04\/GOMEZ-II-225x300.png\" alt=\"\" width=\"225\" height=\"300\" \/><\/p>\n<p><img decoding=\"async\" loading=\"lazy\" class=\"alignnone size-full wp-image-232350\" src=\"https:\/\/www.rctvinternational.com\/wp-content\/uploads\/2020\/10\/Sinopsis.png\" alt=\"\" width=\"125\" height=\"57\" \/><\/p>\n<p><strong>Juan Vicente G\u00f3mez<\/strong> (<strong>Rafael Brice\u00f1o<\/strong>) se encuentra en la fase de su descenso como dictador, y no porque haya perdido poder, sino porque los a\u00f1os comienzan a pasar factura en la salud del otrora hombre fuerte. Una enfermedad le aqueja y comienza a pensar en nuevas opciones y estrategias para perpetuar de alguna manera su poder en la Venezuela de las primeras d\u00e9cadas del siglo XX. A nivel personal, se ve envuelto en diversas relaciones amorosas con varias mujeres, resultando en la existencia de hijos no reconocidos.<\/p>\n<p>Juancho G\u00f3mez, su hermano, muere. El llamado Benem\u00e9rito lo cre\u00eda su sucesor natural. Ahora debe encontrar qui\u00e9n lidere al pa\u00eds. Y al menos militarmente, hab\u00eda encontrado en Eleazar L\u00f3pez Contreras, un hombre leal.<\/p>\n<p>Mientras tanto, en medio de los convulsionados momentos pol\u00edticos, donde destacan torturas y desmanes, se desarrolla una narrativa que explora las intrincadas relaciones que giran alrededor de la figura imponente de G\u00f3mez. En su avanzada edad, G\u00f3mez manten\u00eda un activo <strong>romance<\/strong>.\u00a0Este\u00a0le hab\u00eda dejado muchos hijos sin reconocer y que ahora aparec\u00edan, mientras otros estaban por nacer.<\/p>\n<p style=\"text-align: justify;\">\u00a0<img decoding=\"async\" loading=\"lazy\" class=\"alignnone size-full wp-image-231431\" src=\"https:\/\/www.rctvinternational.com\/wp-content\/uploads\/2020\/04\/deberias-saber-que.jpg\" alt=\"\" width=\"265\" height=\"39\" \/><\/p>\n<p>Rafael Brice\u00f1o, el \u201cgochito\u201d de M\u00e9rida, da vida a Juan Vicente G\u00f3mez, mostrando facetas desconocidas de un hombre que marc\u00f3 la historia de Venezuela.\u00a0La decisi\u00f3n de crear la segunda parte de la serie \u00abG\u00f3mez\u00bb surge como consecuencia del resonante \u00e9xito obtenido por la primera entrega.<\/p>\n<p>\u00abG\u00f3mez I\u00bb y \u00abG\u00f3mez II\u00bb no solo impactaron el \u00e1mbito televisivo; su influencia se extendi\u00f3 al teatro, generando una adaptaci\u00f3n esc\u00e9nica que reson\u00f3 en todo el pa\u00eds.\u00a0 Incluso algunos historiadores sostienen que en el imaginario colectivo venezolano, la figura de G\u00f3mez que hoy muchos tienen es la recreada por Rafael Brice\u00f1o.<\/p>\n<p>&nbsp;<\/p>","protected":false},"featured_media":235680,"template":"","meta":{"_et_pb_use_builder":"","_et_pb_old_content":"","_et_gb_content_width":""},"product_cat":[22],"product_tag":[1042,1043,1040,726,583,1039,1041],"acf":[],"_links":{"self":[{"href":"https:\/\/www.rctvinternational.com\/en\/wp-json\/wp\/v2\/product\/235602"}],"collection":[{"href":"https:\/\/www.rctvinternational.com\/en\/wp-json\/wp\/v2\/product"}],"about":[{"href":"https:\/\/www.rctvinternational.com\/en\/wp-json\/wp\/v2\/types\/product"}],"wp:featuredmedia":[{"embeddable":true,"href":"https:\/\/www.rctvinternational.com\/en\/wp-json\/wp\/v2\/media\/235680"}],"wp:attachment":[{"href":"https:\/\/www.rctvinternational.com\/en\/wp-json\/wp\/v2\/media?parent=235602"}],"wp:term":[{"taxonomy":"product_cat","embeddable":true,"href":"https:\/\/www.rctvinternational.com\/en\/wp-json\/wp\/v2\/product_cat?post=235602"},{"taxonomy":"product_tag","embeddable":true,"href":"https:\/\/www.rctvinternational.com\/en\/wp-json\/wp\/v2\/product_tag?post=235602"}],"curies":[{"name":"wp","href":"https:\/\/api.w.org\/{rel}","templated":true}]}}

Gómez II

<p><img decoding="async" loading="lazy" class="alignnone size-medium wp-image-235964" src="https://www.rctvinternational.com/wp-content/uploads/2024/04/GOMEZ-II-225x300.png" alt="" width="225" height="300" /></p>
<p><img decoding="async" loading="lazy" class="alignnone size-full wp-image-232350" src="https://www.rctvinternational.com/wp-content/uploads/2020/10/Sinopsis.png" alt="" width="125" height="57" /></p>
<p><strong>Juan Vicente Gómez</strong> (<strong>Rafael Briceño</strong>) se encuentra en la fase de su descenso como dictador, y no porque haya perdido poder, sino porque los años comienzan a pasar factura en la salud del otrora hombre fuerte. Una enfermedad le aqueja y comienza a pensar en nuevas opciones y estrategias para perpetuar de alguna manera su poder en la Venezuela de las primeras décadas del siglo XX. A nivel personal, se ve envuelto en diversas relaciones amorosas con varias mujeres, resultando en la existencia de hijos no reconocidos.</p>
<p>Juancho Gómez, su hermano, muere. El llamado Benemérito lo creía su sucesor natural. Ahora debe encontrar quién lidere al país. Y al menos militarmente, había encontrado en Eleazar López Contreras, un hombre leal.</p>
<p>Mientras tanto, en medio de los convulsionados momentos políticos, donde destacan torturas y desmanes, se desarrolla una narrativa que explora las intrincadas relaciones que giran alrededor de la figura imponente de Gómez. En su avanzada edad, Gómez mantenía un activo <strong>romance</strong>. Este le había dejado muchos hijos sin reconocer y que ahora aparecían, mientras otros estaban por nacer.</p>
<p style="text-align: justify;"> <img decoding="async" loading="lazy" class="alignnone size-full wp-image-231431" src="https://www.rctvinternational.com/wp-content/uploads/2020/04/deberias-saber-que.jpg" alt="" width="265" height="39" /></p>
<p>Rafael Briceño, el “gochito” de Mérida, da vida a Juan Vicente Gómez, mostrando facetas desconocidas de un hombre que marcó la historia de Venezuela. La decisión de crear la segunda parte de la serie «Gómez» surge como consecuencia del resonante éxito obtenido por la primera entrega.</p>
<p>«Gómez I» y «Gómez II» no solo impactaron el ámbito televisivo; su influencia se extendió al teatro, generando una adaptación escénica que resonó en todo el país.  Incluso algunos historiadores sostienen que en el imaginario colectivo venezolano, la figura de Gómez que hoy muchos tienen es la recreada por Rafael Briceño.</p>
<p>&nbsp;</p>
