{"id":235081,"date":"2023-06-30T18:32:33","date_gmt":"2023-06-30T18:32:33","guid":{"rendered":"https:\/\/www.rctvinternational.com\/?post_type=product&#038;p=235081"},"modified":"2025-05-07T23:39:54","modified_gmt":"2025-05-07T23:39:54","slug":"amanda-sabater","status":"publish","type":"product","link":"https:\/\/www.rctvinternational.com\/en\/product\/amanda-sabater\/","title":{"rendered":"Amanda Sabater"},"content":{"rendered":"<p style=\"text-align: center;\"><div style=\"width: 100%; min-height: 1px;\" id=\"vimeo-wc-video-69f16bda8cf56\" data-js=\"vimeo-wc-video\" data-atts=\"{&quot;autopause&quot;:&quot;true&quot;,&quot;autoplay&quot;:false,&quot;background&quot;:false,&quot;byline&quot;:&quot;true&quot;,&quot;color&quot;:&quot;none&quot;,&quot;controls&quot;:&quot;true&quot;,&quot;dnt&quot;:&quot;true&quot;,&quot;height&quot;:&quot;none&quot;,&quot;id&quot;:false,&quot;loop&quot;:false,&quot;maxheight&quot;:&quot;none&quot;,&quot;maxwidth&quot;:&quot;none&quot;,&quot;muted&quot;:false,&quot;pip&quot;:false,&quot;playsinline&quot;:&quot;true&quot;,&quot;portrait&quot;:&quot;true&quot;,&quot;quality&quot;:&quot;auto&quot;,&quot;responsive&quot;:&quot;true&quot;,&quot;speed&quot;:false,&quot;texttrack&quot;:&quot;none&quot;,&quot;title&quot;:&quot;true&quot;,&quot;transparent&quot;:true,&quot;url&quot;:&quot;https:\\\/\\\/vimeo.com\\\/839296183&quot;,&quot;width&quot;:&quot;none&quot;}\"><\/div><\/p>\n<p>&nbsp;<\/p>","protected":false},"excerpt":{"rendered":"<p><img decoding=\"async\" loading=\"lazy\" class=\"alignnone size-medium wp-image-235095\" src=\"https:\/\/www.rctvinternational.com\/wp-content\/uploads\/2023\/06\/Amanda-Sabater-Claquetas-09-09-230x300.png\" alt=\"\" width=\"230\" height=\"300\" \/><\/p>\n<p><img decoding=\"async\" loading=\"lazy\" class=\"alignnone size-full wp-image-232350\" src=\"https:\/\/www.rctvinternational.com\/wp-content\/uploads\/2020\/10\/Sinopsis.png\" alt=\"\" width=\"125\" height=\"57\" \/><\/p>\n<p style=\"text-align: justify;\">Amanda Sabater (<strong>Maricarmen Regueiro)<\/strong> es la hija del due\u00f1o y amo de la ciudad Gregorio Sabater (<strong>Carlos M\u00e1rquez<\/strong>) un hombre de negocios con una \u00e9tica cuestionable. Amanda est\u00e1 pronta a casarse con quien ella cree que es el amor de su vida Arsenio Cuevas (<strong>Ernesto Balzi<\/strong>), lo que ella no sabe es que Arsenio tiene una amante, su prima Ana Bel\u00e9n Sabater (<strong>Carolina L\u00f3pez<\/strong>).<\/p>\n<p style=\"text-align: justify;\">Sin embargo, la vida de Amanda cambiar\u00e1 dr\u00e1sticamente cuando conozca a Iv\u00e1n Moros (<strong>Flavio Caballero<\/strong>), un apuesto joven por el cual sentir\u00e1 una fuerte atracci\u00f3n hasta que m\u00e1s temprano que tarde, se convertir\u00e1 en el amor de su vida.<\/p>\n<p style=\"text-align: justify;\">Cuando llega el d\u00eda de la boda entre Amanda y Arsenio, la deja plantada en el altar, pues solo estaba interesado en su fortuna y el padre de Amanda le hab\u00eda hecho firmar un contrato en donde renunciaba como esposo a ser beneficiado de la herencia familiar de la joven.<\/p>\n<p style=\"text-align: justify;\">El sue\u00f1o de Amanda siempre fue vivir un matrimonio estable con el caballero de quien se hab\u00eda enamorado y al verse tan despiadadamente abandonada, sufre una gran depresi\u00f3n que luego se transforma en interminable aborrecimiento hacia todo y todos. La desilusi\u00f3n vuelve a Amanda fr\u00eda, amargada y d\u00e9spota. Incluso su trato hacia Iv\u00e1n ser\u00e1 particularmente falto de sensibilidad.<\/p>\n<p style=\"text-align: justify;\">Nuestra protagonista se vuelve inaccesible al amor. Aun as\u00ed, Iv\u00e1n no dejar\u00e1 de pretender a Amanda, pues \u00e9l sabe que dentro de ella est\u00e1 un coraz\u00f3n bondadoso y puro que puede amar. Entre Iv\u00e1n y Amanda surgir\u00e1 una pasi\u00f3n inesperada e intensa.<\/p>\n<p style=\"text-align: justify;\">El camino hacia el amor estar\u00e1 lleno de obst\u00e1culos, empezando con la actitud de la protagonista que despreciar\u00e1 en todas las maneras posibles al joven Iv\u00e1n, al llevar un dolor tan grande en su interior. La tenacidad de Iv\u00e1n se convertir\u00e1 en esperanzas, para que el amor pueda surgir y encontrar juntos la felicidad de ser amados.<\/p>\n<p style=\"text-align: justify;\"><img decoding=\"async\" loading=\"lazy\" class=\"alignnone size-full wp-image-231431\" src=\"https:\/\/www.rctvinternational.com\/wp-content\/uploads\/2020\/04\/deberias-saber-que.jpg\" alt=\"\" width=\"265\" height=\"39\" \/><\/p>\n<p style=\"text-align: justify;\">Esta telenovela ha sido un \u00e9xito internacional, transmiti\u00e9ndose en m\u00e1s de 20 pa\u00edses y cautivando al p\u00fablico con su historia de amor y drama. Adem\u00e1s, cuenta con un reparto de primer nivel, integrado por actrices y actores reconocidos por su talento y trayectoria. Entre ellos se destacan Flavio Caballero, quien interpreta a Iv\u00e1n Moros, un actor galardonado en m\u00faltiples ocasiones por su trabajo en telenovelas y cine; y Carlos M\u00e1rquez, quien interpreta a Gregorio Sabater, un actor con una amplia experiencia en teatro y televisi\u00f3n, que ha recibido numerosos premios y reconocimientos a nivel nacional e internacional.<\/p>","protected":false},"featured_media":235093,"template":"","meta":{"_et_pb_use_builder":"","_et_pb_old_content":"","_et_gb_content_width":""},"product_cat":[22],"product_tag":[864,769,243,242],"acf":[],"_links":{"self":[{"href":"https:\/\/www.rctvinternational.com\/en\/wp-json\/wp\/v2\/product\/235081"}],"collection":[{"href":"https:\/\/www.rctvinternational.com\/en\/wp-json\/wp\/v2\/product"}],"about":[{"href":"https:\/\/www.rctvinternational.com\/en\/wp-json\/wp\/v2\/types\/product"}],"wp:featuredmedia":[{"embeddable":true,"href":"https:\/\/www.rctvinternational.com\/en\/wp-json\/wp\/v2\/media\/235093"}],"wp:attachment":[{"href":"https:\/\/www.rctvinternational.com\/en\/wp-json\/wp\/v2\/media?parent=235081"}],"wp:term":[{"taxonomy":"product_cat","embeddable":true,"href":"https:\/\/www.rctvinternational.com\/en\/wp-json\/wp\/v2\/product_cat?post=235081"},{"taxonomy":"product_tag","embeddable":true,"href":"https:\/\/www.rctvinternational.com\/en\/wp-json\/wp\/v2\/product_tag?post=235081"}],"curies":[{"name":"wp","href":"https:\/\/api.w.org\/{rel}","templated":true}]}}

<p><img decoding="async" loading="lazy" class="alignnone size-medium wp-image-235095" src="https://www.rctvinternational.com/wp-content/uploads/2023/06/Amanda-Sabater-Claquetas-09-09-230x300.png" alt="" width="230" height="300" /></p>
<p><img decoding="async" loading="lazy" class="alignnone size-full wp-image-232350" src="https://www.rctvinternational.com/wp-content/uploads/2020/10/Sinopsis.png" alt="" width="125" height="57" /></p>
<p style="text-align: justify;">Amanda Sabater (<strong>Maricarmen Regueiro)</strong> es la hija del dueño y amo de la ciudad Gregorio Sabater (<strong>Carlos Márquez</strong>) un hombre de negocios con una ética cuestionable. Amanda está pronta a casarse con quien ella cree que es el amor de su vida Arsenio Cuevas (<strong>Ernesto Balzi</strong>), lo que ella no sabe es que Arsenio tiene una amante, su prima Ana Belén Sabater (<strong>Carolina López</strong>).</p>
<p style="text-align: justify;">Sin embargo, la vida de Amanda cambiará drásticamente cuando conozca a Iván Moros (<strong>Flavio Caballero</strong>), un apuesto joven por el cual sentirá una fuerte atracción hasta que más temprano que tarde, se convertirá en el amor de su vida.</p>
<p style="text-align: justify;">Cuando llega el día de la boda entre Amanda y Arsenio, la deja plantada en el altar, pues solo estaba interesado en su fortuna y el padre de Amanda le había hecho firmar un contrato en donde renunciaba como esposo a ser beneficiado de la herencia familiar de la joven.</p>
<p style="text-align: justify;">El sueño de Amanda siempre fue vivir un matrimonio estable con el caballero de quien se había enamorado y al verse tan despiadadamente abandonada, sufre una gran depresión que luego se transforma en interminable aborrecimiento hacia todo y todos. La desilusión vuelve a Amanda fría, amargada y déspota. Incluso su trato hacia Iván será particularmente falto de sensibilidad.</p>
<p style="text-align: justify;">Nuestra protagonista se vuelve inaccesible al amor. Aun así, Iván no dejará de pretender a Amanda, pues él sabe que dentro de ella está un corazón bondadoso y puro que puede amar. Entre Iván y Amanda surgirá una pasión inesperada e intensa.</p>
<p style="text-align: justify;">El camino hacia el amor estará lleno de obstáculos, empezando con la actitud de la protagonista que despreciará en todas las maneras posibles al joven Iván, al llevar un dolor tan grande en su interior. La tenacidad de Iván se convertirá en esperanzas, para que el amor pueda surgir y encontrar juntos la felicidad de ser amados.</p>
<p style="text-align: justify;"><img decoding="async" loading="lazy" class="alignnone size-full wp-image-231431" src="https://www.rctvinternational.com/wp-content/uploads/2020/04/deberias-saber-que.jpg" alt="" width="265" height="39" /></p>
<p style="text-align: justify;">Esta telenovela ha sido un éxito internacional, transmitiéndose en más de 20 países y cautivando al público con su historia de amor y drama. Además, cuenta con un reparto de primer nivel, integrado por actrices y actores reconocidos por su talento y trayectoria. Entre ellos se destacan Flavio Caballero, quien interpreta a Iván Moros, un actor galardonado en múltiples ocasiones por su trabajo en telenovelas y cine; y Carlos Márquez, quien interpreta a Gregorio Sabater, un actor con una amplia experiencia en teatro y televisión, que ha recibido numerosos premios y reconocimientos a nivel nacional e internacional.</p>
