{"id":234565,"date":"2017-04-12T23:12:35","date_gmt":"2017-04-12T23:12:35","guid":{"rendered":"https:\/\/www.rctvinternational.com\/?post_type=product&#038;p=234565"},"modified":"2025-05-08T00:47:36","modified_gmt":"2025-05-08T00:47:36","slug":"el-parentesis","status":"publish","type":"product","link":"https:\/\/www.rctvinternational.com\/en\/product\/el-parentesis\/","title":{"rendered":"El Par\u00e9ntesis"},"content":{"rendered":"<div style=\"width: 100%; min-height: 1px;\" id=\"vimeo-wc-video-69f0b975224e9\" data-js=\"vimeo-wc-video\" data-atts=\"{&quot;autopause&quot;:&quot;true&quot;,&quot;autoplay&quot;:false,&quot;background&quot;:false,&quot;byline&quot;:&quot;true&quot;,&quot;color&quot;:&quot;none&quot;,&quot;controls&quot;:&quot;true&quot;,&quot;dnt&quot;:&quot;true&quot;,&quot;height&quot;:&quot;none&quot;,&quot;id&quot;:false,&quot;loop&quot;:false,&quot;maxheight&quot;:&quot;none&quot;,&quot;maxwidth&quot;:&quot;none&quot;,&quot;muted&quot;:false,&quot;pip&quot;:false,&quot;playsinline&quot;:&quot;true&quot;,&quot;portrait&quot;:&quot;true&quot;,&quot;quality&quot;:&quot;auto&quot;,&quot;responsive&quot;:&quot;true&quot;,&quot;speed&quot;:false,&quot;texttrack&quot;:&quot;none&quot;,&quot;title&quot;:&quot;true&quot;,&quot;transparent&quot;:true,&quot;url&quot;:&quot;https:\\\/\\\/vimeo.com\\\/757168537&quot;,&quot;width&quot;:&quot;none&quot;}\"><\/div>\n<p>&nbsp;<\/p>","protected":false},"excerpt":{"rendered":"<p><img decoding=\"async\" loading=\"lazy\" class=\"alignnone size-medium wp-image-234653\" src=\"http:\/\/www.rctvinternational.com\/wp-content\/uploads\/2023\/01\/El_Parentesis_claquetas_2022-237x300.png\" alt=\"\" width=\"237\" height=\"300\" \/><\/p>\n<p><img decoding=\"async\" loading=\"lazy\" class=\"alignnone size-full wp-image-232350\" src=\"http:\/\/www.rctvinternational.com\/wp-content\/uploads\/2020\/10\/Sinopsis.png\" alt=\"\" width=\"125\" height=\"57\" \/><\/p>\n<p style=\"text-align: justify;\">Esta historia inicia cuando el p\u00e1rroco, incita a Carmen Rosa, una jovencita profundamente religiosa, para que se convierta en monja. La joven dedica gran parte de su tiempo a la iglesia, a lavar y coser las ropas del religioso, a pesar de la oposici\u00f3n de su hermano.<\/p>\n<p style=\"text-align: justify;\">En la casa, la madre trata de mediar entre los dos. Carmen Rosa, en compa\u00f1\u00eda de su devota amiga Clarita, duda entre convertirse en Sor Mar\u00eda de la Luz o ser una tradicional esposa y formar una familia.<\/p>\n<p style=\"text-align: justify;\">Llega el primo Pablo Laga\u00f1ez, un joven ingeniero de car\u00e1cter impetuoso. Carmen Rosa comienza a enamorarse de \u00e9l con el consentimiento del hermano y la aprobaci\u00f3n tambi\u00e9n de la madre. Pero el primo Pablo es llamado a trabajar en la selva y parte hacia la que considera una aventura.<\/p>\n<p style=\"text-align: justify;\">El amor que caus\u00f3 Pablo Laga\u00f1es en Carmen Rosa abre un breve par\u00e9ntesis en la rigurosa vida de la familia y en las labores religiosas de la joven. La existencia de Pablo en su vida la hace contemplar lo que se considera prohibido en el comportamiento sagrado, entender lo que est\u00e1 dejando pasar por el compromiso religioso.<\/p>\n<p style=\"text-align: justify;\">El triste final es que Pablo consigue hacer que Carmen Rosa experimente la ilusi\u00f3n mientras este se encuentra presente, pero al irse, ella retorna a la costumbre. Carmen Rosa comienza a replegarse sobre s\u00ed, volviendo a sus intenciones de hacerse monja, incitada por el insistente p\u00e1rroco.<\/p>\n<p><img decoding=\"async\" loading=\"lazy\" class=\"alignnone size-full wp-image-231431\" src=\"http:\/\/www.rctvinternational.com\/wp-content\/uploads\/2020\/04\/deberias-saber-que.jpg\" alt=\"\" width=\"265\" height=\"39\" \/><\/p>\n<p style=\"text-align: justify;\">Esta obra es uno de los \u00e9xitos producidos por <strong>RCTV<\/strong> inspirados en la literatura del escritor R\u00f3mulo Gallegos. Javier Vidal es el actor que encarna al personaje de Pablo Laga\u00f1ez, destacando su interpretaci\u00f3n como gal\u00e1n de la \u00e9poca, bajo la direcci\u00f3n de Leonardo Aranguibel, exitoso venezolano que trabaj\u00f3 como director de producci\u00f3n de Disney Media Networks LatAm y nuevo vicepresidente de Producci\u00f3n y Desarrollo de The Walt Disney Company Latin America.<\/p>\n<p>&nbsp;<\/p>","protected":false},"featured_media":234649,"template":"","meta":{"_et_pb_use_builder":"off","_et_pb_old_content":"<p style=\"text-align: center\">[vimeography id=\"126\"]<\/p>","_et_gb_content_width":""},"product_cat":[22,24],"product_tag":[271,741,740,742,743],"acf":[],"_links":{"self":[{"href":"https:\/\/www.rctvinternational.com\/en\/wp-json\/wp\/v2\/product\/234565"}],"collection":[{"href":"https:\/\/www.rctvinternational.com\/en\/wp-json\/wp\/v2\/product"}],"about":[{"href":"https:\/\/www.rctvinternational.com\/en\/wp-json\/wp\/v2\/types\/product"}],"wp:featuredmedia":[{"embeddable":true,"href":"https:\/\/www.rctvinternational.com\/en\/wp-json\/wp\/v2\/media\/234649"}],"wp:attachment":[{"href":"https:\/\/www.rctvinternational.com\/en\/wp-json\/wp\/v2\/media?parent=234565"}],"wp:term":[{"taxonomy":"product_cat","embeddable":true,"href":"https:\/\/www.rctvinternational.com\/en\/wp-json\/wp\/v2\/product_cat?post=234565"},{"taxonomy":"product_tag","embeddable":true,"href":"https:\/\/www.rctvinternational.com\/en\/wp-json\/wp\/v2\/product_tag?post=234565"}],"curies":[{"name":"wp","href":"https:\/\/api.w.org\/{rel}","templated":true}]}}

El Paréntesis

<p><img decoding="async" loading="lazy" class="alignnone size-medium wp-image-234653" src="http://www.rctvinternational.com/wp-content/uploads/2023/01/El_Parentesis_claquetas_2022-237x300.png" alt="" width="237" height="300" /></p>
<p><img decoding="async" loading="lazy" class="alignnone size-full wp-image-232350" src="http://www.rctvinternational.com/wp-content/uploads/2020/10/Sinopsis.png" alt="" width="125" height="57" /></p>
<p style="text-align: justify;">Esta historia inicia cuando el párroco, incita a Carmen Rosa, una jovencita profundamente religiosa, para que se convierta en monja. La joven dedica gran parte de su tiempo a la iglesia, a lavar y coser las ropas del religioso, a pesar de la oposición de su hermano.</p>
<p style="text-align: justify;">En la casa, la madre trata de mediar entre los dos. Carmen Rosa, en compañía de su devota amiga Clarita, duda entre convertirse en Sor María de la Luz o ser una tradicional esposa y formar una familia.</p>
<p style="text-align: justify;">Llega el primo Pablo Lagañez, un joven ingeniero de carácter impetuoso. Carmen Rosa comienza a enamorarse de él con el consentimiento del hermano y la aprobación también de la madre. Pero el primo Pablo es llamado a trabajar en la selva y parte hacia la que considera una aventura.</p>
<p style="text-align: justify;">El amor que causó Pablo Lagañes en Carmen Rosa abre un breve paréntesis en la rigurosa vida de la familia y en las labores religiosas de la joven. La existencia de Pablo en su vida la hace contemplar lo que se considera prohibido en el comportamiento sagrado, entender lo que está dejando pasar por el compromiso religioso.</p>
<p style="text-align: justify;">El triste final es que Pablo consigue hacer que Carmen Rosa experimente la ilusión mientras este se encuentra presente, pero al irse, ella retorna a la costumbre. Carmen Rosa comienza a replegarse sobre sí, volviendo a sus intenciones de hacerse monja, incitada por el insistente párroco.</p>
<p><img decoding="async" loading="lazy" class="alignnone size-full wp-image-231431" src="http://www.rctvinternational.com/wp-content/uploads/2020/04/deberias-saber-que.jpg" alt="" width="265" height="39" /></p>
<p style="text-align: justify;">Esta obra es uno de los éxitos producidos por <strong>RCTV</strong> inspirados en la literatura del escritor Rómulo Gallegos. Javier Vidal es el actor que encarna al personaje de Pablo Lagañez, destacando su interpretación como galán de la época, bajo la dirección de Leonardo Aranguibel, exitoso venezolano que trabajó como director de producción de Disney Media Networks LatAm y nuevo vicepresidente de Producción y Desarrollo de The Walt Disney Company Latin America.</p>
<p>&nbsp;</p>
