{"id":230394,"date":"2020-01-18T22:47:00","date_gmt":"2020-01-18T22:47:00","guid":{"rendered":"http:\/\/rctvinternational.com\/?post_type=product&#038;p=230394"},"modified":"2025-03-27T14:46:50","modified_gmt":"2025-03-27T14:46:50","slug":"expedicion-yanomami","status":"publish","type":"product","link":"https:\/\/www.rctvinternational.com\/en\/product\/expedicion-yanomami\/","title":{"rendered":"Expedici\u00f3n Yanomami"},"content":{"rendered":"<p style=\"text-align: center;\"><div style=\"width: 100%; min-height: 1px;\" id=\"vimeo-wc-video-69efb8dff21de\" data-js=\"vimeo-wc-video\" data-atts=\"{&quot;autopause&quot;:&quot;true&quot;,&quot;autoplay&quot;:false,&quot;background&quot;:false,&quot;byline&quot;:&quot;true&quot;,&quot;color&quot;:&quot;none&quot;,&quot;controls&quot;:&quot;true&quot;,&quot;dnt&quot;:&quot;true&quot;,&quot;height&quot;:&quot;none&quot;,&quot;id&quot;:false,&quot;loop&quot;:false,&quot;maxheight&quot;:&quot;none&quot;,&quot;maxwidth&quot;:&quot;none&quot;,&quot;muted&quot;:false,&quot;pip&quot;:false,&quot;playsinline&quot;:&quot;true&quot;,&quot;portrait&quot;:&quot;true&quot;,&quot;quality&quot;:&quot;auto&quot;,&quot;responsive&quot;:&quot;true&quot;,&quot;speed&quot;:false,&quot;texttrack&quot;:&quot;none&quot;,&quot;title&quot;:&quot;true&quot;,&quot;transparent&quot;:true,&quot;url&quot;:&quot;https:\\\/\\\/vimeo.com\\\/385098705&quot;,&quot;width&quot;:&quot;none&quot;}\"><\/div><\/p>\n<p>&nbsp;<\/p>","protected":false},"excerpt":{"rendered":"<p><img decoding=\"async\" loading=\"lazy\" class=\"alignnone size-medium wp-image-230478\" src=\"http:\/\/rctvinternational.com\/wp-content\/uploads\/2020\/01\/claquetas_Unitarios-19-1-291x300.png\" alt=\"\" width=\"291\" height=\"300\" \/><\/p>\n<p><img decoding=\"async\" loading=\"lazy\" class=\"alignnone size-full wp-image-232350\" src=\"http:\/\/www.rctvinternational.com\/wp-content\/uploads\/2020\/10\/Sinopsis.png\" alt=\"\" width=\"125\" height=\"57\" \/><\/p>\n<p style=\"text-align: justify;\">Los <strong>Yanomami<\/strong> conforman una de las pocas comunidades ind\u00edgenas que se ha mantenido relativamente intacta despu\u00e9s del arribo de Crist\u00f3bal Col\u00f3n a estas tierras, acontecimiento hist\u00f3rico que se produjo hace unos 500 a\u00f1os.<\/p>\n<p style=\"text-align: justify;\">Los <strong>Yanomami<\/strong>, ubicados en ambos lados de la frontera de Brasil con Venezuela, pero con mayor presencia del lado venezolano, han logrado sobrevivir estoicamente a pesar de los cambios que se han producido en el planeta durante los \u00faltimos 5 siglos.<\/p>\n<p style=\"text-align: justify;\">Esto se debe, en parte, a la rigurosa formaci\u00f3n de los ni\u00f1os y j\u00f3venes por parte de los l\u00edderes de la comunidad ind\u00edgena. No obstante, ellos no son ajenos a al mundo exterior y tambi\u00e9n han sabido conjugar esa educaci\u00f3n ancestral con la educaci\u00f3n intercultural y biling\u00fce que, sin duda, han sido fundamentales para su subsistencia.<\/p>\n<p style=\"text-align: justify;\">Sin embargo, el avasallante avance tecnol\u00f3gico de los \u00faltimos 20 a\u00f1os que afecta todos los aspectos de la vida, podr\u00eda significar el fin de esta cultura por la constante exposici\u00f3n a esos cambios que lucen atractivos y \u00a0que podr\u00edan llevar al t\u00e9rmino de este interesante grupo \u00e9tnico.<\/p>\n<p>&nbsp;<\/p>\n<p><img decoding=\"async\" loading=\"lazy\" class=\"alignnone size-full wp-image-231431\" src=\"http:\/\/www.rctvinternational.com\/wp-content\/uploads\/2020\/04\/deberias-saber-que.jpg\" alt=\"\" width=\"265\" height=\"39\" \/><\/p>\n<p style=\"text-align: justify;\"><strong>Yanomami<\/strong> forma parte de los documentales de la <strong>Serie<\/strong> <strong>Expedici\u00f3n<\/strong>, producidos por <strong>RCTV<\/strong>. El esfuerzo puesto por el equipo para mostrar un producto de calidad, le ha merecido diversos reconocimientos nacionales e internacionales como el <strong>Premio Ondas de Espa\u00f1a<\/strong> 1991 y el <strong>Premio de la Federaci\u00f3n Espeleol\u00f3gica de Am\u00e9rica Latina y del Caribe<\/strong> para varios de sus documentales con fines ecologistas y conservacionista.<\/p>","protected":false},"featured_media":231305,"template":"","meta":{"_et_pb_use_builder":"","_et_pb_old_content":"","_et_gb_content_width":""},"product_cat":[24],"product_tag":[220],"acf":[],"_links":{"self":[{"href":"https:\/\/www.rctvinternational.com\/en\/wp-json\/wp\/v2\/product\/230394"}],"collection":[{"href":"https:\/\/www.rctvinternational.com\/en\/wp-json\/wp\/v2\/product"}],"about":[{"href":"https:\/\/www.rctvinternational.com\/en\/wp-json\/wp\/v2\/types\/product"}],"wp:featuredmedia":[{"embeddable":true,"href":"https:\/\/www.rctvinternational.com\/en\/wp-json\/wp\/v2\/media\/231305"}],"wp:attachment":[{"href":"https:\/\/www.rctvinternational.com\/en\/wp-json\/wp\/v2\/media?parent=230394"}],"wp:term":[{"taxonomy":"product_cat","embeddable":true,"href":"https:\/\/www.rctvinternational.com\/en\/wp-json\/wp\/v2\/product_cat?post=230394"},{"taxonomy":"product_tag","embeddable":true,"href":"https:\/\/www.rctvinternational.com\/en\/wp-json\/wp\/v2\/product_tag?post=230394"}],"curies":[{"name":"wp","href":"https:\/\/api.w.org\/{rel}","templated":true}]}}

Expedición Yanomami

<p><img decoding="async" loading="lazy" class="alignnone size-medium wp-image-230478" src="http://rctvinternational.com/wp-content/uploads/2020/01/claquetas_Unitarios-19-1-291x300.png" alt="" width="291" height="300" /></p>
<p><img decoding="async" loading="lazy" class="alignnone size-full wp-image-232350" src="http://www.rctvinternational.com/wp-content/uploads/2020/10/Sinopsis.png" alt="" width="125" height="57" /></p>
<p style="text-align: justify;">Los <strong>Yanomami</strong> conforman una de las pocas comunidades indígenas que se ha mantenido relativamente intacta después del arribo de Cristóbal Colón a estas tierras, acontecimiento histórico que se produjo hace unos 500 años.</p>
<p style="text-align: justify;">Los <strong>Yanomami</strong>, ubicados en ambos lados de la frontera de Brasil con Venezuela, pero con mayor presencia del lado venezolano, han logrado sobrevivir estoicamente a pesar de los cambios que se han producido en el planeta durante los últimos 5 siglos.</p>
<p style="text-align: justify;">Esto se debe, en parte, a la rigurosa formación de los niños y jóvenes por parte de los líderes de la comunidad indígena. No obstante, ellos no son ajenos a al mundo exterior y también han sabido conjugar esa educación ancestral con la educación intercultural y bilingüe que, sin duda, han sido fundamentales para su subsistencia.</p>
<p style="text-align: justify;">Sin embargo, el avasallante avance tecnológico de los últimos 20 años que afecta todos los aspectos de la vida, podría significar el fin de esta cultura por la constante exposición a esos cambios que lucen atractivos y  que podrían llevar al término de este interesante grupo étnico.</p>
<p>&nbsp;</p>
<p><img decoding="async" loading="lazy" class="alignnone size-full wp-image-231431" src="http://www.rctvinternational.com/wp-content/uploads/2020/04/deberias-saber-que.jpg" alt="" width="265" height="39" /></p>
<p style="text-align: justify;"><strong>Yanomami</strong> forma parte de los documentales de la <strong>Serie</strong> <strong>Expedición</strong>, producidos por <strong>RCTV</strong>. El esfuerzo puesto por el equipo para mostrar un producto de calidad, le ha merecido diversos reconocimientos nacionales e internacionales como el <strong>Premio Ondas de España</strong> 1991 y el <strong>Premio de la Federación Espeleológica de América Latina y del Caribe</strong> para varios de sus documentales con fines ecologistas y conservacionista.</p>
